e
Is 635563 a prime number?
True
Is 573077 a prime number?
False
Is 22149479 prime?
False
Is 3633683 composite?
False
Is 520937 prime?
False
Is 428985947 a prime number?
False
Is 146977007 a prime number?
False
Is 1409459 a prime number?
True
Is 208569731 a prime number?
True
Is 7558279 prime?
True
Is 2037929 composite?
True
Is 1753729 prime?
False
Is 2238251 composite?
True
Is 205913 composite?
False
Is 341329 composite?
True
Is 363069065 a prime number?
False
Is 1733057 a composite number?
False
Is 178474407 composite?
True
Is 11292133 a composite number?
False
Is 18340759 composite?
True
Is 3763027 prime?
True
Is 1177058 composite?
True
Is 23748353 prime?
False
Is 24343574 a composite number?
True
Is 15550609 a composite number?
False
Is 49261481 a prime number?
True
Is 200033879 a prime number?
True
Is 13135379 a prime number?
True
Is 474883 a composite number?
True
Is 185603969 prime?
False
Is 367510553 a prime number?
True
Is 24292757 composite?
True
Is 21643961 composite?
False
Is 4020823 prime?
False
Is 3157247 prime?
False
Is 6778957 composite?
True
Is 5582299 composite?
False
Is 40722653 a prime number?
True
Is 14621 prime?
True
Is 9310619 a composite number?
False
Is 1088321 a prime number?
False
Is 186871807 prime?
True
Is 658723 prime?
False
Is 2439163 prime?
False
Is 2760913 composite?
False
Is 1980145 composite?
True
Is 33772471 a composite number?
False
Is 6365587 prime?
False
Is 184480321 a composite number?
False
Is 15340181 a composite number?
False
Is 16486771 a composite number?
True
Is 21714221 prime?
False
Is 34567823 a prime number?
True
Is 89564627 prime?
True
Is 29218091 a prime number?
False
Is 189067477 a prime number?
True
Is 287868851 composite?
True
Is 1370263 a composite number?
False
Is 2429761 composite?
True
Is 755371 prime?
True
Is 10936097 a composite number?
True
Is 46079309 composite?
True
Is 24434489 a composite number?
False
Is 19771669 a composite number?
False
Is 41407321 a prime number?
False
Is 44561809 a composite number?
True
Is 834333 a composite number?
True
Is 236077 prime?
True
Is 20742017 prime?
True
Is 9067117 a prime number?
True
Is 197154803 composite?
True
Is 199524373 prime?
False
Is 3609838 composite?
True
Is 33550109 composite?
False
Is 497276081 prime?
False
Is 31465423 composite?
True
Is 6254341 a composite number?
True
Is 17598379 prime?
True
Is 301577513 a composite number?
False
Is 24304717 composite?
False
Is 524129 a prime number?
False
Is 50739881 composite?
False
Is 542683 prime?
True
Is 57558637 prime?
True
Is 241880239 a composite number?
True
Is 19125541 composite?
False
Is 16486391 a prime number?
False
Is 27601187 a composite number?
True
Is 75529561 prime?
True
Is 76850255 a prime number?
False
Is 8607629 a prime number?
True
Is 58902707 composite?
False
Is 2806321 a prime number?
False
Is 21719389 composite?
False
Is 416780849 prime?
True
Is 14635083 a prime number?
False
Is 5854861 composite?
True
Is 509731 composite?
False
Is 8234893 prime?
True
Is 20420557 composite?
False
Is 891047 prime?
True
Is 86405191 prime?
False
Is 40235491 a prime number?
True
Is 294364555 prime?
False
Is 53017399 a prime number?
True
Is 6775831 prime?
False
Is 1892873 a composite number?
True
Is 14815133 composite?
True
Is 1035634 a prime number?
False
Is 857303 a prime number?
False
Is 77044811 a composite number?
False
Is 11667473 a composite number?
True
Is 10048177 a composite number?
True
Is 341066989 a composite number?
False
Is 3565649 composite?
True
Is 268007383 prime?
False
Is 29373479 a prime number?
True
Is 49085 a prime number?
False
Is 3181427 prime?
False
Is 580401979 a composite number?
False
Is 55029101 a prime number?
False
Is 40375439 composite?
True
Is 14216153 prime?
False
Is 1486493 composite?
False
Is 4371439 prime?
False
Is 47903939 a composite number?
False
Is 167568607 prime?
False
Is 22685119 a composite number?
False
Is 98556343 prime?
True
Is 98528231 a prime number?
True
Is 7545567 prime?
False
Is 249161 a prime number?
False
Is 4455667 composite?
False
Is 24063031 a composite number?
False
Is 11816303 prime?
True
Is 46525139 prime?
False
Is 56276663 composite?
False
Is 3392069 a composite number?
False
Is 11047511 prime?
True
Is 126710189 prime?
True
Is 7813373 composite?
True
Is 273567797 composite?
False
Is 222544457 prime?
True
Is 233579531 composite?
False
Is 883294 prime?
False
Is 7300673 a prime number?
True
Is 136731871 prime?
False
Is 56447687 a prime number?
True
Is 164496481 a composite number?
False
Is 112949689 prime?
False
Is 13245002 composite?
True
Is 39064541 prime?
True
Is 573023467 composite?
True
Is 393281131 a composite number?
False
Is 5308649 a prime number?
False
Is 335349367 a prime number?
False
Is 6905981 composite?
False
Is 8492303 a composite number?
False
Is 88537201 a prime number?
True
Is 336104123 a composite number?
True
Is 484977 a prime number?
False
Is 7478831 a prime number?
True
Is 14468973 a prime number?
False
Is 132446809 a prime number?
False
Is 13390217 a prime number?
False
Is 2146979 composite?
False
Is 10219481 prime?
False
Is 54299257 a composite number?
True
Is 102691111 composite?
False
Is 12642821 composite?
True
Is 199786913 prime?
False
Is 651205 prime?
False
Is 4548053 a composite number?
False
Is 5438551 prime?
True
Is 13587337 prime?
False
Is 30011815 composite?
True
Is 1971967 prime?
True
Is 44847833 a prime number?
False
Is 101699966 prime?
False
Is 1182821 prime?
False
Is 622277 composite?
False
Is 107753029 a composite number?
False
Is 6494503 a composite number?
False
Is 10574601 a composite number?
True
Is 3824053 prime?
True
Is 15467555 a composite number?
True
Is 163369 prime?
False
Is 39785645 a prime number?
False
Is 158981 a prime number?
True
Is 36714833 composite?
False
Is 4281409 composite?
True
Is 19260629 composite?
False
Is 6281861 composite?
True
Is 1146916403 a prime number?
True
Is 593835469 a prime number?
True
Is 4830841 composite?
False
Is 1895239 composite?
False
Is 12432877 prime?
True
Is 6641951 composite?
True
Is 5487077 a composite number?
False
Is 11975241 a composite number?
True
Is 1933751 a prime number?
False
Is 36458923 composite?
False
Is 62633381 a prime number?
True
Is 3508881 composite?
True
Is 343497901 composite?
True
Is 3926291 a composite number?
False
Is 2108917 a prime number?
False
Is 24703297 composite?
True
Is 32992467 a composite number?
True
Is 583213 a prime number?
True
Is 25589897 composite?
False
Is 13791049 composite?
False
Is 2494753 prime?
True
Is 264949 prime?
True
Is 15045482 composite?
True
Is 64551547 a prime number?
False
Is 345029 prime?
False
Is 862818787 a prime number?
True
Is 6457577 a composite number?
True
Is 196332429 composite?
True
Is 71770778 composite?
True
Is 2546611 a prime number?
True
Is 166781 a composite number?
False
Is 30544793 a prime number?
True
Is 1341821 composite?
True
Is 10044355 a prime number?
False
Is 4366871 composite?
False
Is 1226479 a composite number?
False
Is 272885441 prime?
True
Is 32992753 composite?
True
Is 174990791 prime?
True
Is 76931 prime?
False
Is 48676079 a composite number?
False
Is 17868997 a prime number?
False
Is 14025727 a prime number?
True
Is 1379089 prime?
True
Is 3597781 a prime number?
False
Is 2958707 prime?
True
Is 417601937 a composite number?
False
Is 105953 a prime number?
True
Is 13346609 a composite number?
False
Is 149413619 composite?
False
Is 4562839 prime?
False
Is 138034327 a prime number?
True
Is 125085431 a composite number?
True
Is 15482711 a composite number?
False
Is 6247607 a prime number?
False
Is 71337547 a composite number?
False
Is 1020953869 composite?
True
Is 60652093 a composite number?
False
Is 23803619 a composite number?
True
Is 1490765 composite?
True
Is 44269337 a composite number?
True
Is 8954261 a composite number?
False
Is 2693881 composite?
True
Is 113274053 prime?
False
Is 7054007 a composite number?
False
Is 25479541 a composite number?
True
Is 1480393 a composite number?
False
Is 13175179 a composite number?
False
Is 2381599 a composite number?
True
Is 20817097 a composite number?
True
Is 17388991 prime?
True
Is 34214101 composite?
False
Is 5072891 composite?
False
Is 67761203 a composite number?
True
Is 112045871 a composite number?
True
Is 66931411